{"id":103,"date":"2022-03-08T10:31:37","date_gmt":"2022-03-08T09:31:37","guid":{"rendered":"https:\/\/www.ebenisteriefradet.com\/?page_id=103"},"modified":"2022-05-12T15:07:34","modified_gmt":"2022-05-12T13:07:34","slug":"menuisier","status":"publish","type":"page","link":"https:\/\/www.ebenisteriefradet.com\/menuisier\/","title":{"rendered":"Menuisier"},"content":{"rendered":"<p>[et_pb_section fb_built=\u00a0\u00bb1&Prime; _builder_version=\u00a0\u00bb4.16&Prime; _module_preset=\u00a0\u00bbdefault\u00a0\u00bb custom_margin=\u00a0\u00bb||100px||false|false\u00a0\u00bb custom_padding=\u00a0\u00bb0px||0px|||\u00a0\u00bb locked=\u00a0\u00bboff\u00a0\u00bb global_colors_info=\u00a0\u00bb{}\u00a0\u00bb][et_pb_row make_equal=\u00a0\u00bbon\u00a0\u00bb module_class=\u00a0\u00bbcontenu\u00a0\u00bb _builder_version=\u00a0\u00bb4.16&Prime; _module_preset=\u00a0\u00bbdefault\u00a0\u00bb width=\u00a0\u00bb1170px\u00a0\u00bb max_width=\u00a0\u00bb1170px\u00a0\u00bb custom_padding=\u00a0\u00bb|15px|0px|15px|false|true\u00a0\u00bb global_colors_info=\u00a0\u00bb{}\u00a0\u00bb][et_pb_column type=\u00a0\u00bb4_4&Prime; _builder_version=\u00a0\u00bb4.16&Prime; _module_preset=\u00a0\u00bbdefault\u00a0\u00bb global_colors_info=\u00a0\u00bb{}\u00a0\u00bb][et_pb_text admin_label=\u00a0\u00bbTitre contenu\u00a0\u00bb module_class=\u00a0\u00bblegacy\u00a0\u00bb _builder_version=\u00a0\u00bb4.16&Prime; _module_preset=\u00a0\u00bbdefault\u00a0\u00bb text_text_color=\u00a0\u00bb#171717&Prime; header_2_font=\u00a0\u00bb|||on|||||\u00a0\u00bb header_2_text_align=\u00a0\u00bbcenter\u00a0\u00bb header_2_text_color=\u00a0\u00bb#171717&Prime; header_2_font_size=\u00a0\u00bb28px\u00a0\u00bb custom_margin=\u00a0\u00bb20px|0px|0px|0px|false|false\u00a0\u00bb custom_padding=\u00a0\u00bb0px|0px|0px|0px|false|false\u00a0\u00bb global_colors_info=\u00a0\u00bb{}\u00a0\u00bb]<\/p>\n<h2 style=\"text-align: center;\">LES SERVICES DU MENUISIER<\/h2>\n<p>[\/et_pb_text][et_pb_divider color=\u00a0\u00bb#BBA887&Prime; divider_weight=\u00a0\u00bb4px\u00a0\u00bb _builder_version=\u00a0\u00bb4.16&Prime; _module_preset=\u00a0\u00bbdefault\u00a0\u00bb width=\u00a0\u00bb130px\u00a0\u00bb max_width=\u00a0\u00bb130px\u00a0\u00bb module_alignment=\u00a0\u00bbcenter\u00a0\u00bb custom_margin=\u00a0\u00bb0px|0px|10px|0px|false|false\u00a0\u00bb custom_padding=\u00a0\u00bb0px|0px|0px|0px|false|false\u00a0\u00bb global_colors_info=\u00a0\u00bb{}\u00a0\u00bb][\/et_pb_divider][et_pb_text _builder_version=\u00a0\u00bb4.16&Prime; _module_preset=\u00a0\u00bbdefault\u00a0\u00bb text_font=\u00a0\u00bbOxygen||||||||\u00a0\u00bb text_text_color=\u00a0\u00bb#2C2C2C\u00a0\u00bb text_font_size=\u00a0\u00bb16px\u00a0\u00bb width=\u00a0\u00bb98%\u00a0\u00bb custom_margin=\u00a0\u00bb0px|0px|10px|0px|false|false\u00a0\u00bb custom_padding=\u00a0\u00bb0px|11px|0px|11px|false|true\u00a0\u00bb global_colors_info=\u00a0\u00bb{}\u00a0\u00bb]<\/p>\n<p style=\"text-align: left;\"><strong>Le bois est le mat\u00e9riau\u00a0naturel privil\u00e9gi\u00e9 du menuisier. Il fait partie de notre vie quotidienne, transform\u00e9 en portes, volets, parquets\u00a0et meubles.<\/strong><\/p>\n<p>[\/et_pb_text][et_pb_text _builder_version=\u00a0\u00bb4.16&Prime; _module_preset=\u00a0\u00bbdefault\u00a0\u00bb text_font=\u00a0\u00bbOxygen||||||||\u00a0\u00bb text_text_color=\u00a0\u00bbrgba(44,44,44,0.85)\u00a0\u00bb text_font_size=\u00a0\u00bb16px\u00a0\u00bb width=\u00a0\u00bb98%\u00a0\u00bb custom_margin=\u00a0\u00bb0px|0px|30px|0px|false|false\u00a0\u00bb custom_padding=\u00a0\u00bb0px|11px|0px|11px|false|true\u00a0\u00bb global_colors_info=\u00a0\u00bb{}\u00a0\u00bb]<\/p>\n<p style=\"text-align: left;\"><span>Le travail du bois est d&rsquo;une grande vari\u00e9t\u00e9;\u00a0je vous propose la construction sur mesure de votre escalier, l&rsquo;am\u00e9nagement personnalis\u00e9 de votre dressing, la fabrication de meubles et de tout autre objet usuel. Je vous propose \u00e9galement la pose de sols vinyle et stratifi\u00e9s.<\/span><\/p>\n<p>[\/et_pb_text][et_pb_text admin_label=\u00a0\u00bbMes r\u00e9alisations\u00a0\u00bb module_class=\u00a0\u00bblegacy\u00a0\u00bb _builder_version=\u00a0\u00bb4.16&Prime; _module_preset=\u00a0\u00bbdefault\u00a0\u00bb text_text_color=\u00a0\u00bb#171717&Prime; header_2_font=\u00a0\u00bb|||on|||||\u00a0\u00bb header_2_text_align=\u00a0\u00bbcenter\u00a0\u00bb header_2_text_color=\u00a0\u00bb#171717&Prime; header_2_font_size=\u00a0\u00bb28px\u00a0\u00bb custom_margin=\u00a0\u00bb20px|0px|0px|0px|false|false\u00a0\u00bb custom_padding=\u00a0\u00bb0px|0px|0px|0px|false|false\u00a0\u00bb global_colors_info=\u00a0\u00bb{}\u00a0\u00bb]<\/p>\n<h2>MES\u00a0R\u00c9ALISATIONS<\/h2>\n<p>[\/et_pb_text][et_pb_divider color=\u00a0\u00bb#BBA887&Prime; divider_weight=\u00a0\u00bb4px\u00a0\u00bb _builder_version=\u00a0\u00bb4.16&Prime; _module_preset=\u00a0\u00bbdefault\u00a0\u00bb width=\u00a0\u00bb130px\u00a0\u00bb max_width=\u00a0\u00bb130px\u00a0\u00bb module_alignment=\u00a0\u00bbcenter\u00a0\u00bb custom_margin=\u00a0\u00bb0px|0px|10px|0px|false|false\u00a0\u00bb custom_padding=\u00a0\u00bb0px|0px|0px|0px|false|false\u00a0\u00bb global_colors_info=\u00a0\u00bb{}\u00a0\u00bb][\/et_pb_divider][\/et_pb_column][\/et_pb_row][et_pb_row make_equal=\u00a0\u00bbon\u00a0\u00bb module_class=\u00a0\u00bbcontenu\u00a0\u00bb _builder_version=\u00a0\u00bb4.16&Prime; _module_preset=\u00a0\u00bbdefault\u00a0\u00bb width=\u00a0\u00bb1170px\u00a0\u00bb max_width=\u00a0\u00bb1170px\u00a0\u00bb custom_padding=\u00a0\u00bb0px|15px|0px|15px|false|true\u00a0\u00bb global_colors_info=\u00a0\u00bb{}\u00a0\u00bb][et_pb_column type=\u00a0\u00bb4_4&Prime; _builder_version=\u00a0\u00bb4.16&Prime; _module_preset=\u00a0\u00bbdefault\u00a0\u00bb global_colors_info=\u00a0\u00bb{}\u00a0\u00bb][et_pb_gallery gallery_ids=\u00a0\u00bb49,50,51,52,53&Prime; fullwidth=\u00a0\u00bbon\u00a0\u00bb admin_label=\u00a0\u00bbGalerie d&rsquo;image\u00a0\u00bb _builder_version=\u00a0\u00bb4.14.8&Prime; _module_preset=\u00a0\u00bbdefault\u00a0\u00bb title_text_align=\u00a0\u00bbcenter\u00a0\u00bb title_font_size=\u00a0\u00bb79px\u00a0\u00bb caption_text_align=\u00a0\u00bbcenter\u00a0\u00bb width=\u00a0\u00bb100%\u00a0\u00bb max_width=\u00a0\u00bb100%\u00a0\u00bb custom_margin=\u00a0\u00bb0px|0px|0px|0px|false|false\u00a0\u00bb custom_padding=\u00a0\u00bb0px|11px|0px|11px|false|true\u00a0\u00bb global_colors_info=\u00a0\u00bb{}\u00a0\u00bb][\/et_pb_gallery][\/et_pb_column][\/et_pb_row][\/et_pb_section]<\/p>\n","protected":false},"excerpt":{"rendered":"<p>LES SERVICES DU MENUISIERLe bois est le mat\u00e9riau\u00a0naturel privil\u00e9gi\u00e9 du menuisier. Il fait partie de notre vie quotidienne, transform\u00e9 en portes, volets, parquets\u00a0et meubles.Le travail du bois est d&rsquo;une grande vari\u00e9t\u00e9;\u00a0je vous propose la construction sur mesure de votre escalier, l&rsquo;am\u00e9nagement personnalis\u00e9 de votre dressing, la fabrication de meubles et de tout autre objet usuel. [&hellip;]<\/p>\n","protected":false},"author":1,"featured_media":0,"parent":0,"menu_order":0,"comment_status":"closed","ping_status":"closed","template":"","meta":{"_et_pb_use_builder":"on","_et_pb_old_content":"","_et_gb_content_width":"","footnotes":""},"class_list":["post-103","page","type-page","status-publish","hentry"],"yoast_head":"<!-- This site is optimized with the Yoast SEO plugin v26.9 - https:\/\/yoast.com\/product\/yoast-seo-wordpress\/ -->\n<title>Menuisier - Fradet Ludovic | Artisan \u00c9b\u00e9niste Menuisier<\/title>\n<meta name=\"robots\" content=\"index, follow, max-snippet:-1, max-image-preview:large, max-video-preview:-1\" \/>\n<link rel=\"canonical\" href=\"https:\/\/www.ebenisteriefradet.com\/menuisier\/\" \/>\n<meta property=\"og:locale\" content=\"fr_FR\" \/>\n<meta property=\"og:type\" content=\"article\" \/>\n<meta property=\"og:title\" content=\"Menuisier - Fradet Ludovic | Artisan \u00c9b\u00e9niste Menuisier\" \/>\n<meta property=\"og:description\" content=\"LES SERVICES DU MENUISIERLe bois est le mat\u00e9riau\u00a0naturel privil\u00e9gi\u00e9 du menuisier. Il fait partie de notre vie quotidienne, transform\u00e9 en portes, volets, parquets\u00a0et meubles.Le travail du bois est d&#039;une grande vari\u00e9t\u00e9;\u00a0je vous propose la construction sur mesure de votre escalier, l&#039;am\u00e9nagement personnalis\u00e9 de votre dressing, la fabrication de meubles et de tout autre objet usuel. [&hellip;]\" \/>\n<meta property=\"og:url\" content=\"https:\/\/www.ebenisteriefradet.com\/menuisier\/\" \/>\n<meta property=\"og:site_name\" content=\"Fradet Ludovic | Artisan \u00c9b\u00e9niste Menuisier\" \/>\n<meta property=\"article:modified_time\" content=\"2022-05-12T13:07:34+00:00\" \/>\n<meta name=\"twitter:card\" content=\"summary_large_image\" \/>\n<meta name=\"twitter:label1\" content=\"Dur\u00e9e de lecture estim\u00e9e\" \/>\n\t<meta name=\"twitter:data1\" content=\"3 minutes\" \/>\n<script type=\"application\/ld+json\" class=\"yoast-schema-graph\">{\"@context\":\"https:\/\/schema.org\",\"@graph\":[{\"@type\":\"WebPage\",\"@id\":\"https:\/\/www.ebenisteriefradet.com\/menuisier\/\",\"url\":\"https:\/\/www.ebenisteriefradet.com\/menuisier\/\",\"name\":\"Menuisier - Fradet Ludovic | Artisan \u00c9b\u00e9niste Menuisier\",\"isPartOf\":{\"@id\":\"https:\/\/www.ebenisteriefradet.com\/#website\"},\"datePublished\":\"2022-03-08T09:31:37+00:00\",\"dateModified\":\"2022-05-12T13:07:34+00:00\",\"inLanguage\":\"fr-FR\",\"potentialAction\":[{\"@type\":\"ReadAction\",\"target\":[\"https:\/\/www.ebenisteriefradet.com\/menuisier\/\"]}]},{\"@type\":\"WebSite\",\"@id\":\"https:\/\/www.ebenisteriefradet.com\/#website\",\"url\":\"https:\/\/www.ebenisteriefradet.com\/\",\"name\":\"Fradet Ludovic | Artisan \u00c9b\u00e9niste Menuisier\",\"description\":\"\u00c9b\u00e9nisterie et Menuiserie \u00e0 Noirmoutier\",\"potentialAction\":[{\"@type\":\"SearchAction\",\"target\":{\"@type\":\"EntryPoint\",\"urlTemplate\":\"https:\/\/www.ebenisteriefradet.com\/?s={search_term_string}\"},\"query-input\":{\"@type\":\"PropertyValueSpecification\",\"valueRequired\":true,\"valueName\":\"search_term_string\"}}],\"inLanguage\":\"fr-FR\"}]}<\/script>\n<!-- \/ Yoast SEO plugin. -->","yoast_head_json":{"title":"Menuisier - Fradet Ludovic | Artisan \u00c9b\u00e9niste Menuisier","robots":{"index":"index","follow":"follow","max-snippet":"max-snippet:-1","max-image-preview":"max-image-preview:large","max-video-preview":"max-video-preview:-1"},"canonical":"https:\/\/www.ebenisteriefradet.com\/menuisier\/","og_locale":"fr_FR","og_type":"article","og_title":"Menuisier - Fradet Ludovic | Artisan \u00c9b\u00e9niste Menuisier","og_description":"LES SERVICES DU MENUISIERLe bois est le mat\u00e9riau\u00a0naturel privil\u00e9gi\u00e9 du menuisier. Il fait partie de notre vie quotidienne, transform\u00e9 en portes, volets, parquets\u00a0et meubles.Le travail du bois est d'une grande vari\u00e9t\u00e9;\u00a0je vous propose la construction sur mesure de votre escalier, l'am\u00e9nagement personnalis\u00e9 de votre dressing, la fabrication de meubles et de tout autre objet usuel. [&hellip;]","og_url":"https:\/\/www.ebenisteriefradet.com\/menuisier\/","og_site_name":"Fradet Ludovic | Artisan \u00c9b\u00e9niste Menuisier","article_modified_time":"2022-05-12T13:07:34+00:00","twitter_card":"summary_large_image","twitter_misc":{"Dur\u00e9e de lecture estim\u00e9e":"3 minutes"},"schema":{"@context":"https:\/\/schema.org","@graph":[{"@type":"WebPage","@id":"https:\/\/www.ebenisteriefradet.com\/menuisier\/","url":"https:\/\/www.ebenisteriefradet.com\/menuisier\/","name":"Menuisier - Fradet Ludovic | Artisan \u00c9b\u00e9niste Menuisier","isPartOf":{"@id":"https:\/\/www.ebenisteriefradet.com\/#website"},"datePublished":"2022-03-08T09:31:37+00:00","dateModified":"2022-05-12T13:07:34+00:00","inLanguage":"fr-FR","potentialAction":[{"@type":"ReadAction","target":["https:\/\/www.ebenisteriefradet.com\/menuisier\/"]}]},{"@type":"WebSite","@id":"https:\/\/www.ebenisteriefradet.com\/#website","url":"https:\/\/www.ebenisteriefradet.com\/","name":"Fradet Ludovic | Artisan \u00c9b\u00e9niste Menuisier","description":"\u00c9b\u00e9nisterie et Menuiserie \u00e0 Noirmoutier","potentialAction":[{"@type":"SearchAction","target":{"@type":"EntryPoint","urlTemplate":"https:\/\/www.ebenisteriefradet.com\/?s={search_term_string}"},"query-input":{"@type":"PropertyValueSpecification","valueRequired":true,"valueName":"search_term_string"}}],"inLanguage":"fr-FR"}]}},"_links":{"self":[{"href":"https:\/\/www.ebenisteriefradet.com\/api\/wp\/v2\/pages\/103","targetHints":{"allow":["GET"]}}],"collection":[{"href":"https:\/\/www.ebenisteriefradet.com\/api\/wp\/v2\/pages"}],"about":[{"href":"https:\/\/www.ebenisteriefradet.com\/api\/wp\/v2\/types\/page"}],"author":[{"embeddable":true,"href":"https:\/\/www.ebenisteriefradet.com\/api\/wp\/v2\/users\/1"}],"replies":[{"embeddable":true,"href":"https:\/\/www.ebenisteriefradet.com\/api\/wp\/v2\/comments?post=103"}],"version-history":[{"count":7,"href":"https:\/\/www.ebenisteriefradet.com\/api\/wp\/v2\/pages\/103\/revisions"}],"predecessor-version":[{"id":815,"href":"https:\/\/www.ebenisteriefradet.com\/api\/wp\/v2\/pages\/103\/revisions\/815"}],"wp:attachment":[{"href":"https:\/\/www.ebenisteriefradet.com\/api\/wp\/v2\/media?parent=103"}],"curies":[{"name":"wp","href":"https:\/\/api.w.org\/{rel}","templated":true}]}}

<p>[et_pb_section fb_built= »1&Prime; _builder_version= »4.16&Prime; _module_preset= »default » custom_margin= »||100px||false|false » custom_padding= »0px||0px||| » locked= »off » global_colors_info= »{} »][et_pb_row make_equal= »on » module_class= »contenu » _builder_version= »4.16&Prime; _module_preset= »default » width= »1170px » max_width= »1170px » custom_padding= »|15px|0px|15px|false|true » global_colors_info= »{} »][et_pb_column type= »4_4&Prime; _builder_version= »4.16&Prime; _module_preset= »default » global_colors_info= »{} »][et_pb_text admin_label= »Titre contenu » module_class= »legacy » _builder_version= »4.16&Prime; _module_preset= »default » text_text_color= »#171717&Prime; header_2_font= »|||on||||| » header_2_text_align= »center » header_2_text_color= »#171717&Prime; header_2_font_size= »28px » custom_margin= »20px|0px|0px|0px|false|false » custom_padding= »0px|0px|0px|0px|false|false » global_colors_info= »{} »]</p>
<h2 style="text-align: center;">LES SERVICES DU MENUISIER</h2>
<p>[/et_pb_text][et_pb_divider color= »#BBA887&Prime; divider_weight= »4px » _builder_version= »4.16&Prime; _module_preset= »default » width= »130px » max_width= »130px » module_alignment= »center » custom_margin= »0px|0px|10px|0px|false|false » custom_padding= »0px|0px|0px|0px|false|false » global_colors_info= »{} »][/et_pb_divider][et_pb_text _builder_version= »4.16&Prime; _module_preset= »default » text_font= »Oxygen|||||||| » text_text_color= »#2C2C2C » text_font_size= »16px » width= »98% » custom_margin= »0px|0px|10px|0px|false|false » custom_padding= »0px|11px|0px|11px|false|true » global_colors_info= »{} »]</p>
<p style="text-align: left;"><strong>Le bois est le matériau naturel privilégié du menuisier. Il fait partie de notre vie quotidienne, transformé en portes, volets, parquets et meubles.</strong></p>
<p>[/et_pb_text][et_pb_text _builder_version= »4.16&Prime; _module_preset= »default » text_font= »Oxygen|||||||| » text_text_color= »rgba(44,44,44,0.85) » text_font_size= »16px » width= »98% » custom_margin= »0px|0px|30px|0px|false|false » custom_padding= »0px|11px|0px|11px|false|true » global_colors_info= »{} »]</p>
<p style="text-align: left;"><span>Le travail du bois est d&rsquo;une grande variété; je vous propose la construction sur mesure de votre escalier, l&rsquo;aménagement personnalisé de votre dressing, la fabrication de meubles et de tout autre objet usuel. Je vous propose également la pose de sols vinyle et stratifiés.</span></p>
<p>[/et_pb_text][et_pb_text admin_label= »Mes réalisations » module_class= »legacy » _builder_version= »4.16&Prime; _module_preset= »default » text_text_color= »#171717&Prime; header_2_font= »|||on||||| » header_2_text_align= »center » header_2_text_color= »#171717&Prime; header_2_font_size= »28px » custom_margin= »20px|0px|0px|0px|false|false » custom_padding= »0px|0px|0px|0px|false|false » global_colors_info= »{} »]</p>
<h2>MES RÉALISATIONS</h2>
<p>[/et_pb_text][et_pb_divider color= »#BBA887&Prime; divider_weight= »4px » _builder_version= »4.16&Prime; _module_preset= »default » width= »130px » max_width= »130px » module_alignment= »center » custom_margin= »0px|0px|10px|0px|false|false » custom_padding= »0px|0px|0px|0px|false|false » global_colors_info= »{} »][/et_pb_divider][/et_pb_column][/et_pb_row][et_pb_row make_equal= »on » module_class= »contenu » _builder_version= »4.16&Prime; _module_preset= »default » width= »1170px » max_width= »1170px » custom_padding= »0px|15px|0px|15px|false|true » global_colors_info= »{} »][et_pb_column type= »4_4&Prime; _builder_version= »4.16&Prime; _module_preset= »default » global_colors_info= »{} »][et_pb_gallery gallery_ids= »49,50,51,52,53&Prime; fullwidth= »on » admin_label= »Galerie d&rsquo;image » _builder_version= »4.14.8&Prime; _module_preset= »default » title_text_align= »center » title_font_size= »79px » caption_text_align= »center » width= »100% » max_width= »100% » custom_margin= »0px|0px|0px|0px|false|false » custom_padding= »0px|11px|0px|11px|false|true » global_colors_info= »{} »][/et_pb_gallery][/et_pb_column][/et_pb_row][/et_pb_section]</p>

<p>LES SERVICES DU MENUISIERLe bois est le matériau naturel privilégié du menuisier. Il fait partie de notre vie quotidienne, transformé en portes, volets, parquets et meubles.Le travail du bois est d&rsquo;une grande variété; je vous propose la construction sur mesure de votre escalier, l&rsquo;aménagement personnalisé de votre dressing, la fabrication de meubles et de tout autre objet usuel. [&hellip;]</p>

<!-- This site is optimized with the Yoast SEO plugin v26.9 - https://yoast.com/product/yoast-seo-wordpress/ -->
<title>Menuisier - Fradet Ludovic | Artisan Ébéniste Menuisier</title>
<meta name="robots" content="index, follow, max-snippet:-1, max-image-preview:large, max-video-preview:-1" />
<link rel="canonical" href="https://www.ebenisteriefradet.com/menuisier/" />
<meta property="og:locale" content="fr_FR" />
<meta property="og:type" content="article" />
<meta property="og:title" content="Menuisier - Fradet Ludovic | Artisan Ébéniste Menuisier" />
<meta property="og:description" content="LES SERVICES DU MENUISIERLe bois est le matériau naturel privilégié du menuisier. Il fait partie de notre vie quotidienne, transformé en portes, volets, parquets et meubles.Le travail du bois est d&#039;une grande variété; je vous propose la construction sur mesure de votre escalier, l&#039;aménagement personnalisé de votre dressing, la fabrication de meubles et de tout autre objet usuel. [&hellip;]" />
<meta property="og:url" content="https://www.ebenisteriefradet.com/menuisier/" />
<meta property="og:site_name" content="Fradet Ludovic | Artisan Ébéniste Menuisier" />
<meta property="article:modified_time" content="2022-05-12T13:07:34+00:00" />
<meta name="twitter:card" content="summary_large_image" />
<meta name="twitter:label1" content="Durée de lecture estimée" />
	<meta name="twitter:data1" content="3 minutes" />
<script type="application/ld+json" class="yoast-schema-graph">{"@context":"https://schema.org","@graph":[{"@type":"WebPage","@id":"https://www.ebenisteriefradet.com/menuisier/","url":"https://www.ebenisteriefradet.com/menuisier/","name":"Menuisier - Fradet Ludovic | Artisan Ébéniste Menuisier","isPartOf":{"@id":"https://www.ebenisteriefradet.com/#website"},"datePublished":"2022-03-08T09:31:37+00:00","dateModified":"2022-05-12T13:07:34+00:00","inLanguage":"fr-FR","potentialAction":[{"@type":"ReadAction","target":["https://www.ebenisteriefradet.com/menuisier/"]}]},{"@type":"WebSite","@id":"https://www.ebenisteriefradet.com/#website","url":"https://www.ebenisteriefradet.com/","name":"Fradet Ludovic | Artisan Ébéniste Menuisier","description":"Ébénisterie et Menuiserie à Noirmoutier","potentialAction":[{"@type":"SearchAction","target":{"@type":"EntryPoint","urlTemplate":"https://www.ebenisteriefradet.com/?s={search_term_string}"},"query-input":{"@type":"PropertyValueSpecification","valueRequired":true,"valueName":"search_term_string"}}],"inLanguage":"fr-FR"}]}</script>
<!-- / Yoast SEO plugin. -->

Menuisier - Fradet Ludovic | Artisan Ébéniste Menuisier

LES SERVICES DU MENUISIERLe bois est le matériau naturel privilégié du menuisier. Il fait partie de notre vie quotidienne, transformé en portes, volets, parquets et meubles.Le travail du bois est d'une grande variété; je vous propose la construction sur mesure de votre escalier, l'aménagement personnalisé de votre dressing, la fabrication de meubles et de tout autre objet usuel. [&hellip;]

Fradet Ludovic | Artisan Ébéniste Menuisier

Ébénisterie et Menuiserie à Noirmoutier
